0
Let h be (24/(-16))/(3 + 117/(-38)). Suppose 398 = -h*t + 474. Calculate the greatest common divisor of 64 and t.
4
Let k be 85/(1/(9/3*1)). Let h = -154 + k. Suppose -h = 2*r - 343. Calculate the highest common factor of 22 and r.
11
Let z be (-20 + (14 - 6))/((-6)/453). Calculate the highest common divisor of z and 30.
6
Let f(u) = -10*u - 15*u + 26*u + 10 + 74*u**2. Let o be f(-2). What is the highest common divisor of o and 16?
16
Suppose 27*v - 48 = 33. Suppose 0 = v*z + 6, 10*z + 146 = 2*w + 5*z. What is the greatest common divisor of 16 and w?
4
Let g = 19 - -18. Let d = 39 - g. Suppose -d*b - 5*b + 476 = 0. Calculate the greatest common factor of 17 and b.
17
Let h(m) be the first derivative of -611*m**4/4 - m**2 - 3*m + 119. Let k be h(-1). What is the highest common factor of k and 10?
10
Let q(o) = 125*o + 909. Let r be q(9). What is the highest common factor of r and 162?
18
Let c(x) = x - 11. Let t be c(18). Let d(l) = 197*l - 2. Let q be d(2). Let m be (q/(-10))/(6/(-15)). Calculate the greatest common divisor of t and m.
7
Let y = 5 - 10. Let n be (-2)/(-17) + (-2300)/(-391). Let r be ((-27)/n + -3)*12/y. Calculate the greatest common divisor of 126 and r.
18
Let h(d) = -4*d - 21. Let k be h(-9). Let p be -1412*k/18*(-6)/20. Suppose -73 + p = 5*f. What is the greatest common factor of 7 and f?
7
Suppose 4*x + 227*g - 56 = 229*g, -2*x = 3*g - 60. What is the highest common factor of x and 894?
6
Let b be (6 - ((-48)/6 + -1474)) + -3. What is the greatest common divisor of b and 66?
33
Let i = 2504 + -1244. What is the greatest common factor of i and 42?
42
Suppose 2*d = 6 + 2. Let n be -2*(-4 - d/8). Let i be n*3/9 + 43. What is the greatest common factor of i and 69?
23
Let r(k) = -k**3 - k + 7. Let s be r(0). Suppose 1 - s = -b. Suppose -b*a + 5*a + 9 = 0. What is the greatest common factor of a and 45?
9
Let w be (105/63)/(7/399). What is the greatest common divisor of w and 1216?
19
Let v(i) = i**3 + 4*i**2 - 3. Let k be v(-5). Let x be 62/8 - 7/k. Suppose 10*l - 20*l + 120 = 0. Calculate the greatest common factor of x and l.
4
Let m = -420 + 444. Suppose -3*o = -2*f - 62, 0*f - 3*f + m = 2*o. What is the highest common divisor of o and 576?
18
Let y be (-567)/36*(-6 + 2). What is the greatest common divisor of 273 and y?
21
Let d be 3 - 15/(6 + -1). Suppose -s - 388 = -d*h - h, 0 = h + 4*s - 398. What is the highest common divisor of h and 30?
30
Let a = 55 + 7. Let d be -16*((-1)/(-5))/((-8)/40). Let o = d + a. What is the greatest common factor of 26 and o?
26
Suppose 0 = -3*o + 5*f + 16, -44 = -2*o - 3*f - 2*f. Let g(d) = -8*d - 536. Let x be g(-68). Calculate the greatest common divisor of x and o.
4
Let r be (81/3)/(2/14). Suppose 386*k + 2852*k - 22666 = 0. Calculate the greatest common factor of r and k.
7
Let t(b) = 21*b + 4. Let c be t(-3). Let v = c + 139. What is the greatest common divisor of 10 and v?
10
Let z = -45 + 66. Suppose n - 105 = -n + n. What is the highest common factor of n and z?
21
Let k(a) = 172*a + 703. Let l be k(-4). Calculate the greatest common divisor of 600 and l.
15
Let p be (-26100)/(-4275) + 4/(-38). Calculate the greatest common factor of 9558 and p.
6
Suppose -38*m + 33*m = b - 183, -8*b + 1308 = m. Calculate the highest common divisor of 22 and b.
1
Let t = 122852 + -66687. Calculate the highest common divisor of 239 and t.
239
Let n be 15*3/9 + (-663)/(-51). What is the highest common divisor of 4338 and n?
18
Let r = -37 - -39. Let y(w) = 28 + w**3 - 13*w - 21*w**r - 5*w - 2 - 4*w. Let d be y(22). Calculate the greatest common factor of d and 65.
13
Let k = 19286 - 18098. What is the greatest common factor of 1728 and k?
108
Suppose 7*f + 69 = 4*f. Let x = 25 + f. Suppose -5*w + 2*h = -90, x*w = -0*w - 3*h + 36. What is the greatest common factor of w and 2?
2
Let i = -5518 + 5417. Suppose -2*p + 8*b - 3*b - 169 = 0, 3*b = 3*p + 258. Let r = p - i. Calculate the highest common factor of 77 and r.
7
Let i(y) = -95*y - 2300. Let x be i(-28). What is the greatest common divisor of 780 and x?
60
Let u = -19517 + 23848. What is the highest common divisor of 183 and u?
61
Let m = 5 + -3. Let n(j) = j**2 - 32*j + 233. Let i = 521 + -510. Let s be n(i). Calculate the greatest common factor of m and s.
2
Let k = 60 - 58. Suppose -2*r = k*y - 8, 0*r + 4*y + 4 = r. Suppose 2*g - 360 = -4*a, 2*g - r*a = -g + 490. What is the greatest common factor of g and 34?
34
Let f = 9349 - 9287. What is the greatest common divisor of f and 1922?
62
Let l(j) be the third derivative of -j**4/4 + j**3 + 2639*j**2. Suppose 4*d + 9 = d. Let s be l(d). Calculate the greatest common factor of 30 and s.
6
Let p = -2127 + 2137. Calculate the greatest common divisor of 5645 and p.
5
Let h(i) = 5*i + 0*i + 23 - 4. Let k be h(-3). Let x be 191 + 7/(7/k). Calculate the highest common factor of x and 39.
39
Let d be 1346/18 - (-4)/18. Let i(q) = -q + 39. Let b(a) = -2*a + 76. Let k(w) = 3*b(w) - 5*i(w). Let l be k(3). Calculate the highest common factor of l and d.
15
Let h(l) = -8*l + 102. Let k be h(9). Suppose -22 - k = -13*x. Calculate the greatest common divisor of x and 500.
4
Let u = 304 - -24. Suppose c - 4*k - 10 = 0, 6 - 2 = -3*c - 5*k. Let s be (35 - -3) + (c - -1). Calculate the greatest common factor of u and s.
41
Suppose 21 + 7 = 7*g. Suppose 3*q - 3*i - 6 = 0, -6 = g*q - 7*q - 5*i. Let l be 0/q - (-15)/(-5)*-25. What is the greatest common factor of l and 15?
15
Let q(r) = -r**3 + 7*r**2 + 7*r + 5. Let m be q(8). Let t(c) = 30 - 23 - 7*c + 5. Let z be t(m). What is the greatest common factor of 66 and z?
33
Let q(r) = -2*r**3 - 5*r**2 + 6*r + 12. Let b be q(-3). Suppose -25 = -4*o - b*i + 125, 0 = -4*i - 8. What is the greatest common divisor of o and 1209?
39
Suppose 17*d - 76 = -25. Let m(p) = 2*p**3 - p**2 + 6*p - 7. Let z be m(4). What is the greatest common factor of d and z?
3
Let o(i) = i**2 - 14*i + 62. Let m be o(6). Let u(v) = 10*v + 4. Let s be u(1). What is the greatest common factor of m and s?
14
Let u(w) = 3*w**2 - 57*w - 290. Let n be u(-5). What is the greatest common divisor of 147 and n?
7
Let g = -236 + 218. Let l = 7 - 19. Let y be l/g*63/2. Calculate the highest common factor of 63 and y.
21
Let b(i) = 6 + 152 + 6*i + 18. Let g be b(0). Let n be -4*3/6*-22. What is the highest common divisor of n and g?
44
Let j(k) be the second derivative of k**3/6 - 10*k**2 - 26*k. Let a be j(14). Let l be 44/a*48/(-32). What is the greatest common factor of 110 and l?
11
Let w = 3844 - 2648. Calculate the highest common factor of 234 and w.
26
Let q be (2 + -1)/(11/561). Suppose 2*z - 3*s = 499, 5*s + 15 = -0*s. Suppose z - 7 = 14*c. Calculate the greatest common factor of q and c.
17
Suppose -14*o = 218369 - 743817. Let k be (16/184 - 0) + o/46. What is the greatest common divisor of 34 and k?
34
Let h = 158 - 160. Let u be (2 + 1)/(h - 266/(-132)). Calculate the greatest common divisor of u and 22.
22
Suppose -31*u + 378573 = 20*u. What is the highest common factor of 39 and u?
13
Suppose 478*y + 10046 = 4*l + 480*y, -l = -y - 2507. What is the highest common factor of 10 and l?
10
Let z be 214/8 - (-2)/8. Let v(j) = -j**2 - 6*j + 153. Let q be v(-13). Suppose -82 - q = -8*x. What is the highest common factor of z and x?
9
Let p = -26332 + 33127. Calculate the highest common factor of p and 360.
45
Suppose -3*m = q - 298, -5*q + 861 - 658 = 2*m. What is the highest common divisor of m and 558?
9
Suppose 0 = -5*z - f + 267, 438*z - 434*z = 3*f + 244. What is the highest common factor of 11605 and z?
55
Suppose 63 + 27 = 18*n. Suppose 9 = n*s - 7*s + 3*x, 4*s - 5*x + 13 = 0. What is the greatest common divisor of 81 and s?
3
Suppose 65*t - 73*t = -160. Suppose 5*p - 22 = 4*l + 322, -5*l = -t. Calculate the highest common divisor of p and 90.
18
Let y(u) = 2*u**2 + 15*u + 14. Let n be y(10). Let c = n - 172. Calculate the greatest common divisor of 48 and c.
48
Let t be (3/(-6))/((-2)/(-8)). Let a be (-2 - -3)/(t/(-12)). Suppose 2*d = 2*b + 22, 97*b - 98*b - 20 = -2*d. Calculate the highest common divisor of d and a.
3
Let k = -5897 - -5977. Suppose 3*f = -2*q + 41 + 270, -4*f = -q - 411. Let l = f - k. Calculate the greatest common divisor of 253 and l.
23
Let f(p) = 2*p**2 - 63*p + 155. 